{"id":1541,"date":"2014-02-17T13:08:05","date_gmt":"2014-02-17T11:08:05","guid":{"rendered":"http:\/\/www.europadelosciudadanos.net\/?page_id=1541"},"modified":"2026-02-17T09:51:17","modified_gmt":"2026-02-17T09:51:17","slug":"transparencia","status":"publish","type":"page","link":"https:\/\/lafec.org\/index.php\/lafec-home\/transparencia\/","title":{"rendered":"Transparencia"},"content":{"rendered":"<p>[vc_row][vc_column][vc_column_text]En esta secci\u00f3n encontrar\u00e1s los informes de auditor\u00eda, el balance de resultados y de ingresos y gastos de la fundaci\u00f3n de nuestros \u00faltimos ejercicios fiscales.[\/vc_column_text][\/vc_column][\/vc_row][vc_row padding_top=\u00bb0&#8243; margin_top=\u00bb0&#8243;][vc_column width=\u00bb1\/3&#8243;][vc_column_text]<\/p>\n<h4>Balance de situaci\u00f3n.<\/h4>\n<ul>\n<li><a href=\"https:\/\/lafec.org\/wp-content\/uploads\/2017\/01\/LaFEC-Balance-Cuentas2016.pdf\">La FEC &#8211; Balance de situaci\u00f3n 2016<\/a><\/li>\n<li><a href=\"https:\/\/lafec.org\/wp-content\/uploads\/2017\/01\/LaFEC-Balance-Cuentas2017.pdf\">La FEC &#8211; Balance de situaci\u00f3n 2017<\/a><\/li>\n<li><a href=\"https:\/\/lafec.org\/wp-content\/uploads\/2017\/01\/LaFEC-Balance-Cuentas2018.pdf\">La FEC &#8211; Balance de situaci\u00f3n 2018<\/a><\/li>\n<li><a href=\"https:\/\/lafec.org\/wp-content\/uploads\/2021\/10\/LaFEC-Balance-Situacion2019.pdf\">La FEC &#8211; Balance de situaci\u00f3n 2019<\/a><\/li>\n<\/ul>\n<p>[\/vc_column_text][\/vc_column][vc_column width=\u00bb1\/3&#8243;][vc_column_text]<\/p>\n<h4>Cuentas de resultados.<\/h4>\n<ul>\n<li><a href=\"https:\/\/lafec.org\/wp-content\/uploads\/2017\/01\/LaFEC-Cuentaderesultados-Cuentas2016.pdf\">La FEC &#8211; Cuentas de resultados 2016<\/a><\/li>\n<li><a href=\"https:\/\/lafec.org\/wp-content\/uploads\/2017\/01\/LaFEC-Cuentaderesultados-Cuentas2017.pdf\">La FEC &#8211; Cuentas de resultados 2017<\/a><\/li>\n<li><a href=\"https:\/\/lafec.org\/wp-content\/uploads\/2017\/01\/LaFEC-Cuentaderesultados-Cuentas2018.pdf\">La FEC &#8211; Cuentas de resultados 2018<\/a><\/li>\n<li><a href=\"https:\/\/lafec.org\/wp-content\/uploads\/2021\/10\/LaFEC-Balance-CuentaResultados2019.pdf\">La FEC &#8211; Cuentas de resultados 2019<\/a><\/li>\n<\/ul>\n<p>[\/vc_column_text][\/vc_column][vc_column width=\u00bb1\/3&#8243;][vc_column_text]<\/p>\n<h4>Informes auditor\u00edas de cuentas.<\/h4>\n<ul>\n<li><a href=\"https:\/\/lafec.org\/wp-content\/uploads\/2017\/01\/LaFEC-InformeAuditoria-Cuentas2016.pdf\">La FEC &#8211; Auditor\u00eda de cuentas 2016<\/a><\/li>\n<li><a href=\"https:\/\/lafec.org\/wp-content\/uploads\/2017\/01\/LaFEC-InformeAuditoria-Cuentas2017.pdf\">La FEC &#8211; Auditor\u00eda de cuentas 2017<\/a><\/li>\n<li><a href=\"https:\/\/lafec.org\/wp-content\/uploads\/2017\/01\/LaFEC-InformeAuditoria-Cuentas2018.pdf\">La FEC &#8211; Auditor\u00eda de cuentas 2018<\/a><\/li>\n<li><a href=\"https:\/\/lafec.org\/wp-content\/uploads\/2022\/07\/Informe-Auditoria-FEC-2019-2.pdf\">La FEC- Auditor\u00eda de cuentas 2019<\/a><\/li>\n<\/ul>\n<p>[\/vc_column_text][\/vc_column][\/vc_row][vc_row padding_top=\u00bb0&#8243; margin_top=\u00bb0&#8243;][vc_column width=\u00bb1\/3&#8243;][vc_column_text]<\/p>\n<h4>Informes de fiscalizaci\u00f3n del Tribunal de Cuentas<\/h4>\n<ul>\n<li><a href=\"https:\/\/lafec.org\/wp-content\/uploads\/2021\/09\/TCu-Informe-fiscalizacion-2016.pdf\" target=\"_blank\" rel=\"noopener\">La FEC &#8211; Informe de fiscalizaci\u00f3n del Tribunal de Cuentas 2016<\/a><\/li>\n<li><a href=\"https:\/\/lafec.org\/wp-content\/uploads\/2022\/07\/Estados-contables-de-los-partidos-politicos-ejercicio-2017.pdf\">La FEC &#8211; Informe de fiscalizaci\u00f3n del Tribunal de Cuentas 2017<\/a><\/li>\n<li><a href=\"https:\/\/lafec.org\/wp-content\/uploads\/2026\/02\/TCu-Informe-fiscalizacion-Fundaciones-2018-y-2019-1-1.pdf\">La FEC &#8211; Informe de fiscalizaci\u00f3n del Tribunal de Cuentas 2018 y 2019<\/a><\/li>\n<li><a href=\"https:\/\/lafec.org\/wp-content\/uploads\/2026\/02\/TCu-Informe-fiscalizacion-Fundaciones-2020.pdf\">La FEC &#8211; Informe de fiscalizaci\u00f3n del Tribunal de Cuentas 2020<\/a><\/li>\n<li><a href=\"https:\/\/lafec.org\/wp-content\/uploads\/2026\/02\/TCu-Informe-fiscalizacion-Fundaciones-2021-y-2022.pdf\">La FEC &#8211; Informe de fiscalizaci\u00f3n del Tribunal de Cuentas 2021 y 2022<\/a><\/li>\n<\/ul>\n<div id=\"highlighter--hover-tools\" style=\"display: none;\">\n<div id=\"highlighter--hover-tools--container\">\n<div class=\"highlighter--icon highlighter--icon-copy\" title=\"Copy\"><\/div>\n<div class=\"highlighter--icon highlighter--icon-change-color\" title=\"Change Color\"><\/div>\n<div class=\"highlighter--icon highlighter--icon-delete\" title=\"Delete\"><\/div>\n<\/div>\n<\/div>\n<p>[\/vc_column_text][\/vc_column][\/vc_row]<\/p>\n","protected":false},"excerpt":{"rendered":"<p>[vc_row][vc_column][vc_column_text]En esta secci\u00f3n encontrar\u00e1s los informes de auditor\u00eda, el balance de resultados y de ingresos y gastos de la fundaci\u00f3n de nuestros \u00faltimos ejercicios fiscales.[\/vc_column_text][\/vc_column][\/vc_row][vc_row padding_top=\u00bb0&#8243; margin_top=\u00bb0&#8243;][vc_column width=\u00bb1\/3&#8243;][vc_column_text] Balance de situaci\u00f3n. La FEC &#8211; Balance de situaci\u00f3n 2016 La FEC &#8211; Balance de situaci\u00f3n 2017 La FEC &#8211; Balance de situaci\u00f3n 2018 La FEC &#8211; Balance de situaci\u00f3n 2019 [\/vc_column_text][\/vc_column][vc_column [&hellip;]<\/p>\n","protected":false},"author":1,"featured_media":0,"parent":7805,"menu_order":0,"comment_status":"closed","ping_status":"open","template":"","meta":{"footnotes":""},"class_list":["post-1541","page","type-page","status-publish","hentry"],"_links":{"self":[{"href":"https:\/\/lafec.org\/index.php\/wp-json\/wp\/v2\/pages\/1541","targetHints":{"allow":["GET"]}}],"collection":[{"href":"https:\/\/lafec.org\/index.php\/wp-json\/wp\/v2\/pages"}],"about":[{"href":"https:\/\/lafec.org\/index.php\/wp-json\/wp\/v2\/types\/page"}],"author":[{"embeddable":true,"href":"https:\/\/lafec.org\/index.php\/wp-json\/wp\/v2\/users\/1"}],"replies":[{"embeddable":true,"href":"https:\/\/lafec.org\/index.php\/wp-json\/wp\/v2\/comments?post=1541"}],"version-history":[{"count":11,"href":"https:\/\/lafec.org\/index.php\/wp-json\/wp\/v2\/pages\/1541\/revisions"}],"predecessor-version":[{"id":9219,"href":"https:\/\/lafec.org\/index.php\/wp-json\/wp\/v2\/pages\/1541\/revisions\/9219"}],"up":[{"embeddable":true,"href":"https:\/\/lafec.org\/index.php\/wp-json\/wp\/v2\/pages\/7805"}],"wp:attachment":[{"href":"https:\/\/lafec.org\/index.php\/wp-json\/wp\/v2\/media?parent=1541"}],"curies":[{"name":"wp","href":"https:\/\/api.w.org\/{rel}","templated":true}]}}

<p>[vc_row][vc_column][vc_column_text]En esta sección encontrarás los informes de auditoría, el balance de resultados y de ingresos y gastos de la fundación de nuestros últimos ejercicios fiscales.[/vc_column_text][/vc_column][/vc_row][vc_row padding_top=»0&#8243; margin_top=»0&#8243;][vc_column width=»1/3&#8243;][vc_column_text]</p>
<h4>Balance de situación.</h4>
<ul>
<li><a href="https://lafec.org/wp-content/uploads/2017/01/LaFEC-Balance-Cuentas2016.pdf">La FEC &#8211; Balance de situación 2016</a></li>
<li><a href="https://lafec.org/wp-content/uploads/2017/01/LaFEC-Balance-Cuentas2017.pdf">La FEC &#8211; Balance de situación 2017</a></li>
<li><a href="https://lafec.org/wp-content/uploads/2017/01/LaFEC-Balance-Cuentas2018.pdf">La FEC &#8211; Balance de situación 2018</a></li>
<li><a href="https://lafec.org/wp-content/uploads/2021/10/LaFEC-Balance-Situacion2019.pdf">La FEC &#8211; Balance de situación 2019</a></li>
</ul>
<p>[/vc_column_text][/vc_column][vc_column width=»1/3&#8243;][vc_column_text]</p>
<h4>Cuentas de resultados.</h4>
<ul>
<li><a href="https://lafec.org/wp-content/uploads/2017/01/LaFEC-Cuentaderesultados-Cuentas2016.pdf">La FEC &#8211; Cuentas de resultados 2016</a></li>
<li><a href="https://lafec.org/wp-content/uploads/2017/01/LaFEC-Cuentaderesultados-Cuentas2017.pdf">La FEC &#8211; Cuentas de resultados 2017</a></li>
<li><a href="https://lafec.org/wp-content/uploads/2017/01/LaFEC-Cuentaderesultados-Cuentas2018.pdf">La FEC &#8211; Cuentas de resultados 2018</a></li>
<li><a href="https://lafec.org/wp-content/uploads/2021/10/LaFEC-Balance-CuentaResultados2019.pdf">La FEC &#8211; Cuentas de resultados 2019</a></li>
</ul>
<p>[/vc_column_text][/vc_column][vc_column width=»1/3&#8243;][vc_column_text]</p>
<h4>Informes auditorías de cuentas.</h4>
<ul>
<li><a href="https://lafec.org/wp-content/uploads/2017/01/LaFEC-InformeAuditoria-Cuentas2016.pdf">La FEC &#8211; Auditoría de cuentas 2016</a></li>
<li><a href="https://lafec.org/wp-content/uploads/2017/01/LaFEC-InformeAuditoria-Cuentas2017.pdf">La FEC &#8211; Auditoría de cuentas 2017</a></li>
<li><a href="https://lafec.org/wp-content/uploads/2017/01/LaFEC-InformeAuditoria-Cuentas2018.pdf">La FEC &#8211; Auditoría de cuentas 2018</a></li>
<li><a href="https://lafec.org/wp-content/uploads/2022/07/Informe-Auditoria-FEC-2019-2.pdf">La FEC- Auditoría de cuentas 2019</a></li>
</ul>
<p>[/vc_column_text][/vc_column][/vc_row][vc_row padding_top=»0&#8243; margin_top=»0&#8243;][vc_column width=»1/3&#8243;][vc_column_text]</p>
<h4>Informes de fiscalización del Tribunal de Cuentas</h4>
<ul>
<li><a href="https://lafec.org/wp-content/uploads/2021/09/TCu-Informe-fiscalizacion-2016.pdf" target="_blank" rel="noopener">La FEC &#8211; Informe de fiscalización del Tribunal de Cuentas 2016</a></li>
<li><a href="https://lafec.org/wp-content/uploads/2022/07/Estados-contables-de-los-partidos-politicos-ejercicio-2017.pdf">La FEC &#8211; Informe de fiscalización del Tribunal de Cuentas 2017</a></li>
<li><a href="https://lafec.org/wp-content/uploads/2026/02/TCu-Informe-fiscalizacion-Fundaciones-2018-y-2019-1-1.pdf">La FEC &#8211; Informe de fiscalización del Tribunal de Cuentas 2018 y 2019</a></li>
<li><a href="https://lafec.org/wp-content/uploads/2026/02/TCu-Informe-fiscalizacion-Fundaciones-2020.pdf">La FEC &#8211; Informe de fiscalización del Tribunal de Cuentas 2020</a></li>
<li><a href="https://lafec.org/wp-content/uploads/2026/02/TCu-Informe-fiscalizacion-Fundaciones-2021-y-2022.pdf">La FEC &#8211; Informe de fiscalización del Tribunal de Cuentas 2021 y 2022</a></li>
</ul>
<div id="highlighter--hover-tools" style="display: none;">
<div id="highlighter--hover-tools--container">
<div class="highlighter--icon highlighter--icon-copy" title="Copy"></div>
<div class="highlighter--icon highlighter--icon-change-color" title="Change Color"></div>
<div class="highlighter--icon highlighter--icon-delete" title="Delete"></div>
</div>
</div>
<p>[/vc_column_text][/vc_column][/vc_row]</p>

<p>[vc_row][vc_column][vc_column_text]En esta sección encontrarás los informes de auditoría, el balance de resultados y de ingresos y gastos de la fundación de nuestros últimos ejercicios fiscales.[/vc_column_text][/vc_column][/vc_row][vc_row padding_top=»0&#8243; margin_top=»0&#8243;][vc_column width=»1/3&#8243;][vc_column_text] Balance de situación. La FEC &#8211; Balance de situación 2016 La FEC &#8211; Balance de situación 2017 La FEC &#8211; Balance de situación 2018 La FEC &#8211; Balance de situación 2019 [/vc_column_text][/vc_column][vc_column [&hellip;]</p>
