{"id":8796,"date":"2020-06-10T21:52:42","date_gmt":"2020-06-10T21:52:42","guid":{"rendered":"https:\/\/lafec.org\/?page_id=8796"},"modified":"2021-12-31T08:56:01","modified_gmt":"2021-12-31T08:56:01","slug":"por-la-igualdad-de-todos-los-generos-ni-un-paso-atras-en-los-derechos-de-las-mujeres-jovenes-y-jovenes-lgtbiq","status":"publish","type":"page","link":"https:\/\/lafec.org\/index.php\/erasmus\/por-la-igualdad-de-todos-los-generos-ni-un-paso-atras-en-los-derechos-de-las-mujeres-jovenes-y-jovenes-lgtbiq\/","title":{"rendered":"Por la igualdad de todos los g\u00e9neros: ni un paso atr\u00e1s en los derechos de las mujeres j\u00f3venes y j\u00f3venes LGTBIQ+"},"content":{"rendered":"<p>[vc_row][vc_column width=\u00bb3\/4&#8243;][vc_tta_tabs active_section=\u00bb1&#8243;][vc_tta_section title=\u00bbPresentaci\u00f3n\u00bb tab_id=\u00bbpresentacion\u00bb][vc_column_text]Actualmente, muchos de los avances para conseguir la igualdad de todos los g\u00e9neros que se han indo conquistando gracias a las reivindicaciones sociales de las \u00faltimas d\u00e9cadas, est\u00e1n en riesgo, ya que por primera vez en Espa\u00f1a tiene representaci\u00f3n parlamentario e incluso capacidad de gobierno un partido ultra-conservador que demanda eliminar y retroceder en muchos de estos avances hacia la igualdad. Adem\u00e1s, a este hecho se une que despu\u00e9s de varios a\u00f1os de gobierno conservador, la degradaci\u00f3n de la situaci\u00f3n del colectivo LGTBIQ+ ha sido muy pronunciada, pues si Espa\u00f1a lleg\u00f3 a posicionarse en 2011 como segundo pa\u00eds europeo donde m\u00e1s reconocidos estaban los derechos del colectivo, desde entonces ha ido descendiendo progresivamente hasta quedarse fuera de los 10 primeros puestos.<\/p>\n<p>Este descenso, seg\u00fan apunta ILGA Europa, se debe a una falta de legislaci\u00f3n nacional que garantice los derechos de las personas LGTBIQ+, ya que algunos aspectos fundamentales como la prohibici\u00f3n de las terapias de reconversi\u00f3n, la creaci\u00f3n de pol\u00edticas para el fomento del empleo de las personas trans o el establecimiento de medidas para erradicar la discriminaci\u00f3n contra el colectivo en los \u00e1mbitos sanitarios o educativos solo est\u00e1n aprobados en determinadas autonom\u00edas.<\/p>\n<p>El presente proyecto est\u00e1 centrado en potencial la igualdad de todos los g\u00e9neros, segunda meta de la estrategia de la Uni\u00f3n Europea para la juventud 2019-2027. Es por ello que se generar\u00e1 un proceso de di\u00e1logo estructurado entre j\u00f3venes, pol\u00edticos y expertos en torno a esta prioridad. Para ello, se implicar\u00e1n desde un inicio los principales colectivos de j\u00f3venes beneficiarios, es decir, j\u00f3venes que sufren obst\u00e1culos sociales por motivos de g\u00e9nero u orientaci\u00f3n sexual, estos son las mujeres j\u00f3venes y j\u00f3venes LGTBIQ+.<\/p>\n<p>El liderazgo de este proyecto por parte de los propios j\u00f3venes con obst\u00e1culos, adem\u00e1s de para presentar sus reivindicaciones y demandas pol\u00edticas, tambi\u00e9n les servir\u00e1 como un proceso de capacitaci\u00f3n, aprendizaje y empoderamiento que faciliten su inclusi\u00f3n social, as\u00ed como su capacidad de emprender nuevos proyectos sociales o de replicar el presente proyecto en otros contextos.<\/p>\n<p>El proyecto se plantea como objetivos:<\/p>\n<ul>\n<li>Combatir la discriminaci\u00f3n y garantizar la igualdad de derechos para todos los g\u00e9neros en la vida cultural, pol\u00edtica y socio-econ\u00f3mica.<\/li>\n<li>Lograr una conciencia universal sobre la desigualdad y la discriminaci\u00f3n basadas en el g\u00e9nero, especialmente en los medios de comunicaci\u00f3n.<\/li>\n<li>Acabar con la violencia de g\u00e9nero abordando y combatiendo de manera efectiva el problema en todas sus formas.<\/li>\n<li>Eliminar los roles estereot\u00edpicos de g\u00e9nero y aceptar identidades de g\u00e9nero diversas en los sistemas educativos, la vida familiar, el lugar de trabajo y otras \u00e1reas de la vida.<\/li>\n<li>Poner fin a la discriminaci\u00f3n estructural basada en el g\u00e9nero en el mercado laboral y garantizar la igualdad de derechos, acceso y oportunidades.<\/li>\n<li>Garantizar la igualdad en la retribuci\u00f3n por un trabajo de igual valor y el reparto equitativo de las responsabilidades de cuidado.<\/li>\n<li>Garantizar el acceso equitativo a la educaci\u00f3n formal y no formal, y que el dise\u00f1o de los sistemas educativos tenga en cuenta enfoque sensibles a las cuestiones de g\u00e9nero.<\/li>\n<\/ul>\n<p>La FEC, desde su nacimiento, se ha centrado en potenciar una sociedad europea m\u00e1s justa, inclusiva e igualitaria. Es por ello que ha desarrollado multitud de proyectos y actividades contra la discriminaci\u00f3n por motivos de g\u00e9nero o de orientaci\u00f3n sexual.[\/vc_column_text][\/vc_tta_section][vc_tta_section title=\u00bbActividades\u00bb tab_id=\u00bbactividades\u00bb][vc_column_text]La realizaci\u00f3n de las siguientes actividades estaba prevista para fechas anteriores, pero por responsabilidad y siguiendo las recomendaciones sanitarias, se realizaron en las fechas que se indican.<\/p>\n<p><strong>Encuentro europeo y nacional por la igualdad de todos los g\u00e9neros (7-9 de mayo de 2021)<\/strong><\/p>\n<p>Este primer encuentro se realiz\u00f3 en Dos Hermanas (Sevilla), los d\u00edas 7, 8 y 9 de mayo de 2021. En \u00e9l, se trabajaron distintas propuestas que, a trav\u00e9s de una din\u00e1mica de toma de decisiones por consenso, permiti\u00f3 dise\u00f1ar el primer borrador del itinerario de propuestas pol\u00edticas y en materia legislativa que se deben llevar a cabo a nivel europeo, principalmente, as\u00ed como a nivel nacional por parte del Congreso de los Diputados y el Gobierno de Espa\u00f1a, para poner en marcha iniciativas que nos permitan avanzar hacia la igualdad de todos los g\u00e9neros.<\/p>\n<p>Destacamos, en el apartado metodol\u00f3gico, la realizaci\u00f3n de metodolog\u00edas no formales como talleres, din\u00e1micas, debates participativos, roll-playing, etc. Tambi\u00e9n es destacable que esta labor se realiz\u00f3 contando con j\u00f3venes del propio colectivo, es decir, mujer j\u00f3venes y j\u00f3venes LGTBIQ+, con el objetivo de que sean las propias afectadas qui\u00e9nes marquen la direcci\u00f3n en el c\u00f3mo combatir la discriminaci\u00f3n y garantizar la igualdad de derechos.<\/p>\n<p><strong>Encuentro regional y local por la igualdad de todos los g\u00e9neros (10-12 de septiembre de 2021)<\/strong><\/p>\n<p>Este segundo encuentro tuvo lugar en Mollina (M\u00e1laga), durante los d\u00edas 10, 11 y 12 de septiembre de 2021, centrado en la creaci\u00f3n de itinerarios de propuestas pol\u00edticas mucho m\u00e1s concretas, permitiendo delimitar con amplio grado de detalle las propuestas que se consideran necesarias a nivel nacional. Estas propuestas permiten abordar distintas situaciones que se detectaron tambi\u00e9n como probllemas de \u00e1mbito local y regional. Es decir, de estas propuestas se pueden extraer tambi\u00e9n ideas de programas para que los ayuntamientos y las consejer\u00edas de los gobiernos auton\u00f3micos puedan implementar propuestas que permitan mejorar la situaci\u00f3n de las mujeres j\u00f3venes y lxs j\u00f3venes LGTBIQ+ en una sociedad m\u00e1s inclusiva, libre de machismo, homofobia, as\u00ed como cualquier tipo de discriminaci\u00f3n por cuesti\u00f3n de g\u00e9nero o tendencia sexual.<\/p>\n<p><strong>Itinerario de propuestas pol\u00edticas para la igualdad de todos los g\u00e9neros<\/strong><\/p>\n<p>Se adjunta este documento de trabajo que recoge las conclusiones y propuestas resultantes de ambas jornadas y que permiten establecer un itinerario hacia la igualdad de todos los g\u00e9neros, con el fin de combatir la violencia y vulneraci\u00f3n de derechos que vive la poblaci\u00f3n LGTBI, en el \u00e1mbito espa\u00f1ol y europeo.<\/p>\n<p><a href=\"https:\/\/lafec.org\/wp-content\/uploads\/2021\/12\/Itinerario-de-propuestas-politicas-para-la-igualdad-de-todos-los-generos.pdf\"><img loading=\"lazy\" decoding=\"async\" class=\"size-full wp-image-9118 alignnone\" src=\"https:\/\/lafec.org\/wp-content\/uploads\/2021\/12\/Portada_Itinerario.png\" alt=\"\" width=\"312\" height=\"447\" srcset=\"https:\/\/lafec.org\/wp-content\/uploads\/2021\/12\/Portada_Itinerario.png 312w, https:\/\/lafec.org\/wp-content\/uploads\/2021\/12\/Portada_Itinerario-209x300.png 209w\" sizes=\"auto, (max-width: 312px) 100vw, 312px\" \/><\/a><\/p>\n<p><a href=\"https:\/\/lafec.org\/wp-content\/uploads\/2021\/12\/Itinerario-de-propuestas-politicas-para-la-igualdad-de-todos-los-generos.pdf\">Itinerario de propuestas pol\u00edticas para la igualdad de todos los g\u00e9neros<\/a>[\/vc_column_text][\/vc_tta_section][\/vc_tta_tabs][\/vc_column][vc_column width=\u00bb1\/4&#8243;][vc_single_image image=\u00bb8799&#8243; img_size=\u00bbfull\u00bb onclick=\u00bblink_image\u00bb][\/vc_column][\/vc_row]<\/p>\n","protected":false},"excerpt":{"rendered":"<p>[vc_row][vc_column width=\u00bb3\/4&#8243;][vc_tta_tabs active_section=\u00bb1&#8243;][vc_tta_section title=\u00bbPresentaci\u00f3n\u00bb tab_id=\u00bbpresentacion\u00bb][vc_column_text]Actualmente, muchos de los avances para conseguir la igualdad de todos los g\u00e9neros que se han indo conquistando gracias a las reivindicaciones sociales de las \u00faltimas d\u00e9cadas, est\u00e1n en riesgo, ya que por primera vez en Espa\u00f1a tiene representaci\u00f3n parlamentario e incluso capacidad de gobierno un partido ultra-conservador que demanda eliminar y retroceder en muchos de [&hellip;]<\/p>\n","protected":false},"author":1,"featured_media":8797,"parent":8723,"menu_order":0,"comment_status":"closed","ping_status":"closed","template":"","meta":{"footnotes":""},"class_list":["post-8796","page","type-page","status-publish","has-post-thumbnail","hentry"],"_links":{"self":[{"href":"https:\/\/lafec.org\/index.php\/wp-json\/wp\/v2\/pages\/8796","targetHints":{"allow":["GET"]}}],"collection":[{"href":"https:\/\/lafec.org\/index.php\/wp-json\/wp\/v2\/pages"}],"about":[{"href":"https:\/\/lafec.org\/index.php\/wp-json\/wp\/v2\/types\/page"}],"author":[{"embeddable":true,"href":"https:\/\/lafec.org\/index.php\/wp-json\/wp\/v2\/users\/1"}],"replies":[{"embeddable":true,"href":"https:\/\/lafec.org\/index.php\/wp-json\/wp\/v2\/comments?post=8796"}],"version-history":[{"count":5,"href":"https:\/\/lafec.org\/index.php\/wp-json\/wp\/v2\/pages\/8796\/revisions"}],"predecessor-version":[{"id":9120,"href":"https:\/\/lafec.org\/index.php\/wp-json\/wp\/v2\/pages\/8796\/revisions\/9120"}],"up":[{"embeddable":true,"href":"https:\/\/lafec.org\/index.php\/wp-json\/wp\/v2\/pages\/8723"}],"wp:featuredmedia":[{"embeddable":true,"href":"https:\/\/lafec.org\/index.php\/wp-json\/wp\/v2\/media\/8797"}],"wp:attachment":[{"href":"https:\/\/lafec.org\/index.php\/wp-json\/wp\/v2\/media?parent=8796"}],"curies":[{"name":"wp","href":"https:\/\/api.w.org\/{rel}","templated":true}]}}